{"id":1773,"date":"2011-02-13T19:56:24","date_gmt":"2011-02-13T17:56:24","guid":{"rendered":"http:\/\/kuerbisolli.byterecycling.de\/?page_id=1773"},"modified":"2024-01-09T17:20:44","modified_gmt":"2024-01-09T16:20:44","slug":"kurbisgewichtrechner","status":"publish","type":"page","link":"http:\/\/www.kuerbisolli.de\/?page_id=1773","title":{"rendered":"lbs in kg \/ kg in lbs Umrechner"},"content":{"rendered":"<p><script type=\"text\/javascript\"><br \/>\n<!--\n\/\/ Umrechnung mm - inch und umgekehrt\nfunction dm_umrechnen() {\n  document.eurorechner.eur.value = document.eurorechner.dm.value * 0.03937;\n  document.eurorechner.eur.value = document.Math.round(eurorechner.eur.value * 1000);\n  document.eurorechner.eur.value = document.eurorechner.eur.value \/ 1000;\n}\nfunction eur_umrechnen() {\n  document.eurorechner.dm.value = document.eurorechner.eur.value * 25.400;\n  document.eurorechner.dm.value = document.Math.round(eurorechner.dm.value * 1000);\n  document.eurorechner.dm.value = document.eurorechner.dm.value \/ 1000;\n}\n\/\/Umrechnung kg - lbs und umgekehrt\nfunction kg_umrechnen() {\n  document.gewichtrechner.lb.value = document.gewichtrechner.kg.value * 2.204623;\n  document.gewichtrechner.lb.value = document.Math.round(gewichtrechner.lb.value * 1000);\n  document.gewichtrechner.lb.value = document.gewichtrechner.lb.value \/ 1000;\n}\nfunction lb_umrechnen() {\n  document.gewichtrechner.kg.value = document.gewichtrechner.lb.value * 0.453592;\n  document.gewichtrechner.kg.value = document.Math.round(gewichtrechner.kg.value * 1000);\n  document.gewichtrechner.kg.value = document.gewichtrechner.kg.value \/ 1000;\n}\n--><br \/>\n<\/script><\/p>\n<h3>Umrechnung kg in amerikanische lbs und amerikanische lbs in kg<\/h3>\n<p>Hier erkl\u00e4re ich euch mal was zu\/\u00fcber die Kernebezeichnung von AG Seeds.&nbsp; Als Beispiel die Kernbezeichnung von meinem K\u00fcrbis aus dem letzten Jahr:<\/p>\n<h3 style=\"text-align: center;\"><strong><strong><span style=\"color: #ff0000;\">1677.7<\/span> <span style=\"color: #0000ff;\">Langheim.O<\/span><span style=\"color: #008000;\"> 2020<br \/>\n<\/span><\/strong><\/strong><\/h3>\n<p>Die <span style=\"color: #ff0000;\"><strong>1677.7<\/strong><\/span> steht f\u00fcr das Gewicht, welches in Pfund angegeben wird (nach US-Avoirdupois-System : 1 lbs =0,4536 kg).<\/p>\n<p>Das <span style=\"color: #0000ff;\"><strong>Langheim.O<\/strong><\/span> steht f\u00fcr den Nachnamen des Z\u00fcchters, der den K\u00fcrbis gez\u00fcchtet hat.<\/p>\n<p>Das <strong><span style=\"color: #008000;\">2020<\/span> <\/strong>f\u00fcr das Jahr, aus dem der K\u00fcrbiskern stammt.<\/p>\n<p>Hier habe ch euch mal eine Umrechnungshilfe eingef\u00fcgt.<\/p>\n<p><strong>Wichtig:<\/strong> Dezimaltrennzeichen ist der Punkt, nicht das Komma!<\/p>\n<p>Eingabe kg:<\/p>\n<p><input maxlength=\"6\" name=\"kg\" size=\"10\" type=\"text\"><\/p>\n<p>Eingabe lbs:<\/p>\n<p><input maxlength=\"6\" name=\"lb\" size=\"10\" type=\"text\"><\/p>\n<p>Das Ergebnis erscheint im jeweiligen anderen Feld.<\/p>\n","protected":false},"excerpt":{"rendered":"<p>Umrechnung kg in amerikanische lbs und amerikanische lbs in kg Hier erkl\u00e4re ich euch mal was zu\/\u00fcber die Kernebezeichnung von AG Seeds.&nbsp; Als Beispiel die Kernbezeichnung von meinem K\u00fcrbis aus dem letzten Jahr: 1677.7 Langheim.O 2020 Die 1677.7 steht f\u00fcr das Gewicht, welches in Pfund angegeben wird (nach US-Avoirdupois-System : 1 lbs =0,4536 kg). Das &hellip; <a href=\"http:\/\/www.kuerbisolli.de\/?page_id=1773\" class=\"more-link\"><span class=\"screen-reader-text\">lbs in kg \/ kg in lbs Umrechner<\/span> weiterlesen <span class=\"meta-nav\">&rarr;<\/span><\/a><\/p>\n","protected":false},"author":1,"featured_media":0,"parent":0,"menu_order":95,"comment_status":"open","ping_status":"closed","template":"","meta":{"ngg_post_thumbnail":0,"jetpack_post_was_ever_published":false,"footnotes":""},"jetpack_shortlink":"https:\/\/wp.me\/Pwi78-sB","jetpack_sharing_enabled":true,"_links":{"self":[{"href":"http:\/\/www.kuerbisolli.de\/index.php?rest_route=\/wp\/v2\/pages\/1773"}],"collection":[{"href":"http:\/\/www.kuerbisolli.de\/index.php?rest_route=\/wp\/v2\/pages"}],"about":[{"href":"http:\/\/www.kuerbisolli.de\/index.php?rest_route=\/wp\/v2\/types\/page"}],"author":[{"embeddable":true,"href":"http:\/\/www.kuerbisolli.de\/index.php?rest_route=\/wp\/v2\/users\/1"}],"replies":[{"embeddable":true,"href":"http:\/\/www.kuerbisolli.de\/index.php?rest_route=%2Fwp%2Fv2%2Fcomments&post=1773"}],"version-history":[{"count":37,"href":"http:\/\/www.kuerbisolli.de\/index.php?rest_route=\/wp\/v2\/pages\/1773\/revisions"}],"predecessor-version":[{"id":5425,"href":"http:\/\/www.kuerbisolli.de\/index.php?rest_route=\/wp\/v2\/pages\/1773\/revisions\/5425"}],"wp:attachment":[{"href":"http:\/\/www.kuerbisolli.de\/index.php?rest_route=%2Fwp%2Fv2%2Fmedia&parent=1773"}],"curies":[{"name":"wp","href":"https:\/\/api.w.org\/{rel}","templated":true}]}}