{"id":2,"date":"2009-04-10T11:43:08","date_gmt":"2009-04-10T09:43:08","guid":{"rendered":"http:\/\/kuerbisolli.byterecycling.de\/?page_id=2"},"modified":"2022-10-21T22:03:11","modified_gmt":"2022-10-21T20:03:11","slug":"impressum","status":"publish","type":"page","link":"http:\/\/www.kuerbisolli.de\/?page_id=2","title":{"rendered":"Impressum"},"content":{"rendered":"<p>Rechtlicher Inhaber der Seite:<\/p>\n<p>Oliver Langheim<br \/>\nBeerenweg 6<br \/>\n15517 F\u00fcrstenwalde<br \/>\nTelefon: +49 173 7279077<\/p>\n<p>E-Mail: <a title=\"E-Mail senden\" href=\"?page_id=109\">turijan[at]onlinehome.de<\/a><br \/>\nInternet: <a href=\"http:\/\/www.k\u00fcrbisolli.de\">www.k\u00fcrbisolli.de<\/a><\/p>\n<p>Code &amp; Design by Hompage Fuzzi \ud83d\ude00 <a class=\"l\" onmousedown=\"return clk(this.href,'','','res','1','')\" href=\"http:\/\/de.wiktionary.org\/wiki\/Fuzzi\"><em><\/em><\/a><a title=\"Floddi\" href=\"http:\/\/www.byterecycling.de\" target=\"_blank\" rel=\"noopener\">Floddi<\/a> &amp; C. Laugsch<\/p>\n<p>Haftungshinweis: Trotz sorgf\u00e4ltiger inhaltlicher Kontrolle \u00fcbernehmen wir keine Haftung f\u00fcr die Inhalte externer Links. F\u00fcr den Inhalt der verlinkten Seiten sind ausschlie\u00dflich deren Betreiber verantwortlich.<\/p>\n","protected":false},"excerpt":{"rendered":"<p>Rechtlicher Inhaber der Seite: Oliver Langheim Beerenweg 6 15517 F\u00fcrstenwalde Telefon: +49 173 7279077 E-Mail: turijan[at]onlinehome.de Internet: www.k\u00fcrbisolli.de Code &amp; Design by Hompage Fuzzi \ud83d\ude00 Floddi &amp; C. Laugsch Haftungshinweis: Trotz sorgf\u00e4ltiger inhaltlicher Kontrolle \u00fcbernehmen wir keine Haftung f\u00fcr die Inhalte externer Links. F\u00fcr den Inhalt der verlinkten Seiten sind ausschlie\u00dflich deren Betreiber verantwortlich.<\/p>\n","protected":false},"author":1,"featured_media":0,"parent":0,"menu_order":101,"comment_status":"closed","ping_status":"closed","template":"","meta":{"ngg_post_thumbnail":0,"jetpack_post_was_ever_published":false,"footnotes":""},"jetpack_shortlink":"https:\/\/wp.me\/Pwi78-2","jetpack_sharing_enabled":true,"_links":{"self":[{"href":"http:\/\/www.kuerbisolli.de\/index.php?rest_route=\/wp\/v2\/pages\/2"}],"collection":[{"href":"http:\/\/www.kuerbisolli.de\/index.php?rest_route=\/wp\/v2\/pages"}],"about":[{"href":"http:\/\/www.kuerbisolli.de\/index.php?rest_route=\/wp\/v2\/types\/page"}],"author":[{"embeddable":true,"href":"http:\/\/www.kuerbisolli.de\/index.php?rest_route=\/wp\/v2\/users\/1"}],"replies":[{"embeddable":true,"href":"http:\/\/www.kuerbisolli.de\/index.php?rest_route=%2Fwp%2Fv2%2Fcomments&post=2"}],"version-history":[{"count":14,"href":"http:\/\/www.kuerbisolli.de\/index.php?rest_route=\/wp\/v2\/pages\/2\/revisions"}],"predecessor-version":[{"id":5333,"href":"http:\/\/www.kuerbisolli.de\/index.php?rest_route=\/wp\/v2\/pages\/2\/revisions\/5333"}],"wp:attachment":[{"href":"http:\/\/www.kuerbisolli.de\/index.php?rest_route=%2Fwp%2Fv2%2Fmedia&parent=2"}],"curies":[{"name":"wp","href":"https:\/\/api.w.org\/{rel}","templated":true}]}}