{"id":2243,"date":"2011-07-11T20:26:04","date_gmt":"2011-07-11T18:26:04","guid":{"rendered":"http:\/\/kuerbisolli.byterecycling.de\/?page_id=2243"},"modified":"2022-10-21T22:02:12","modified_gmt":"2022-10-21T20:02:12","slug":"kurbisgalerie-stand-11-07-2011","status":"publish","type":"page","link":"http:\/\/www.kuerbisolli.de\/?page_id=2243","title":{"rendered":"K\u00fcrbisgalerie Stand 14.02.2012"},"content":{"rendered":"<!-- default-view.php -->\n<div\n\tclass=\"ngg-galleryoverview default-view \n\t\t\"\n\tid=\"ngg-gallery-e75f3c8ff67a3540d728e3cb09348c11-1\">\n\n\t\t<!-- Thumbnails -->\n\t\t\t\t<div id=\"ngg-image-0\" class=\"ngg-gallery-thumbnail-box \n\t\t\t\t\t\t\t\t\t\t\t\" \n\t\t\t>\n\t\t\t\t\t\t<div class=\"ngg-gallery-thumbnail\">\n\t\t\t<a href=\"http:\/\/www.kuerbisolli.de\/wp-content\/gallery\/gallerie\/1818bryson_worldrecord_2011.jpg\"\n\t\t\t\ttitle=\"Weltrekord 2011 aus Canada von der Familie Bryson\"\n\t\t\t\tdata-src=\"http:\/\/www.kuerbisolli.de\/wp-content\/gallery\/gallerie\/1818bryson_worldrecord_2011.jpg\"\n\t\t\t\tdata-thumbnail=\"http:\/\/www.kuerbisolli.de\/wp-content\/gallery\/gallerie\/thumbs\/thumbs_1818bryson_worldrecord_2011.jpg\"\n\t\t\t\tdata-image-id=\"267\"\n\t\t\t\tdata-title=\"1818bryson_worldrecord_2011\"\n\t\t\t\tdata-description=\"Weltrekord 2011 aus Canada von der Familie Bryson\"\n\t\t\t\tdata-image-slug=\"1818bryson_worldrecord_2011\"\n\t\t\t\tclass=\"shutterset_e75f3c8ff67a3540d728e3cb09348c11\">\n\t\t\t\t<img\n\t\t\t\t\ttitle=\"1818bryson_worldrecord_2011\"\n\t\t\t\t\talt=\"1818bryson_worldrecord_2011\"\n\t\t\t\t\tsrc=\"http:\/\/www.kuerbisolli.de\/wp-content\/gallery\/gallerie\/thumbs\/thumbs_1818bryson_worldrecord_2011.jpg\"\n\t\t\t\t\twidth=\"100\"\n\t\t\t\t\theight=\"75\"\n\t\t\t\t\tstyle=\"max-width:100%;\"\n\t\t\t\t\/>\n\t\t\t<\/a>\n\t\t<\/div>\n\t\t\t\t\t\t\t<\/div> \n\t\t\t\n\t\t\t\t<div id=\"ngg-image-1\" class=\"ngg-gallery-thumbnail-box \n\t\t\t\t\t\t\t\t\t\t\t\" \n\t\t\t>\n\t\t\t\t\t\t<div class=\"ngg-gallery-thumbnail\">\n\t\t\t<a href=\"http:\/\/www.kuerbisolli.de\/wp-content\/gallery\/gallerie\/11_170_steiner_x_self_2.jpg\"\n\t\t\t\ttitle=\"So k\u00f6nnte der Mars von nahen aussehen\"\n\t\t\t\tdata-src=\"http:\/\/www.kuerbisolli.de\/wp-content\/gallery\/gallerie\/11_170_steiner_x_self_2.jpg\"\n\t\t\t\tdata-thumbnail=\"http:\/\/www.kuerbisolli.de\/wp-content\/gallery\/gallerie\/thumbs\/thumbs_11_170_steiner_x_self_2.jpg\"\n\t\t\t\tdata-image-id=\"265\"\n\t\t\t\tdata-title=\"11_170_steiner_x_self_2\"\n\t\t\t\tdata-description=\"So k\u00f6nnte der Mars von nahen aussehen\"\n\t\t\t\tdata-image-slug=\"11_170_steiner_x_self_2\"\n\t\t\t\tclass=\"shutterset_e75f3c8ff67a3540d728e3cb09348c11\">\n\t\t\t\t<img\n\t\t\t\t\ttitle=\"11_170_steiner_x_self_2\"\n\t\t\t\t\talt=\"11_170_steiner_x_self_2\"\n\t\t\t\t\tsrc=\"http:\/\/www.kuerbisolli.de\/wp-content\/gallery\/gallerie\/thumbs\/thumbs_11_170_steiner_x_self_2.jpg\"\n\t\t\t\t\twidth=\"100\"\n\t\t\t\t\theight=\"75\"\n\t\t\t\t\tstyle=\"max-width:100%;\"\n\t\t\t\t\/>\n\t\t\t<\/a>\n\t\t<\/div>\n\t\t\t\t\t\t\t<\/div> \n\t\t\t\n\t\t\t\t<div id=\"ngg-image-2\" class=\"ngg-gallery-thumbnail-box \n\t\t\t\t\t\t\t\t\t\t\t\" \n\t\t\t>\n\t\t\t\t\t\t<div class=\"ngg-gallery-thumbnail\">\n\t\t\t<a href=\"http:\/\/www.kuerbisolli.de\/wp-content\/gallery\/gallerie\/11_10_3.jpg\"\n\t\t\t\ttitle=\"\"\n\t\t\t\tdata-src=\"http:\/\/www.kuerbisolli.de\/wp-content\/gallery\/gallerie\/11_10_3.jpg\"\n\t\t\t\tdata-thumbnail=\"http:\/\/www.kuerbisolli.de\/wp-content\/gallery\/gallerie\/thumbs\/thumbs_11_10_3.jpg\"\n\t\t\t\tdata-image-id=\"261\"\n\t\t\t\tdata-title=\"11_10_3\"\n\t\t\t\tdata-description=\"\"\n\t\t\t\tdata-image-slug=\"11_10_3\"\n\t\t\t\tclass=\"shutterset_e75f3c8ff67a3540d728e3cb09348c11\">\n\t\t\t\t<img\n\t\t\t\t\ttitle=\"11_10_3\"\n\t\t\t\t\talt=\"11_10_3\"\n\t\t\t\t\tsrc=\"http:\/\/www.kuerbisolli.de\/wp-content\/gallery\/gallerie\/thumbs\/thumbs_11_10_3.jpg\"\n\t\t\t\t\twidth=\"100\"\n\t\t\t\t\theight=\"75\"\n\t\t\t\t\tstyle=\"max-width:100%;\"\n\t\t\t\t\/>\n\t\t\t<\/a>\n\t\t<\/div>\n\t\t\t\t\t\t\t<\/div> \n\t\t\t\n\t\t\t\t<div id=\"ngg-image-3\" class=\"ngg-gallery-thumbnail-box \n\t\t\t\t\t\t\t\t\t\t\t\" \n\t\t\t>\n\t\t\t\t\t\t<div class=\"ngg-gallery-thumbnail\">\n\t\t\t<a href=\"http:\/\/www.kuerbisolli.de\/wp-content\/gallery\/gallerie\/11_2_15.jpg\"\n\t\t\t\ttitle=\"\"\n\t\t\t\tdata-src=\"http:\/\/www.kuerbisolli.de\/wp-content\/gallery\/gallerie\/11_2_15.jpg\"\n\t\t\t\tdata-thumbnail=\"http:\/\/www.kuerbisolli.de\/wp-content\/gallery\/gallerie\/thumbs\/thumbs_11_2_15.jpg\"\n\t\t\t\tdata-image-id=\"262\"\n\t\t\t\tdata-title=\"11_2_15\"\n\t\t\t\tdata-description=\"\"\n\t\t\t\tdata-image-slug=\"11_2_15\"\n\t\t\t\tclass=\"shutterset_e75f3c8ff67a3540d728e3cb09348c11\">\n\t\t\t\t<img\n\t\t\t\t\ttitle=\"11_2_15\"\n\t\t\t\t\talt=\"11_2_15\"\n\t\t\t\t\tsrc=\"http:\/\/www.kuerbisolli.de\/wp-content\/gallery\/gallerie\/thumbs\/thumbs_11_2_15.jpg\"\n\t\t\t\t\twidth=\"100\"\n\t\t\t\t\theight=\"75\"\n\t\t\t\t\tstyle=\"max-width:100%;\"\n\t\t\t\t\/>\n\t\t\t<\/a>\n\t\t<\/div>\n\t\t\t\t\t\t\t<\/div> \n\t\t\t\n\t\t\t\t<div id=\"ngg-image-4\" class=\"ngg-gallery-thumbnail-box \n\t\t\t\t\t\t\t\t\t\t\t\" \n\t\t\t>\n\t\t\t\t\t\t<div class=\"ngg-gallery-thumbnail\">\n\t\t\t<a href=\"http:\/\/www.kuerbisolli.de\/wp-content\/gallery\/gallerie\/pict8862.jpg\"\n\t\t\t\ttitle=\"split \"\n\t\t\t\tdata-src=\"http:\/\/www.kuerbisolli.de\/wp-content\/gallery\/gallerie\/pict8862.jpg\"\n\t\t\t\tdata-thumbnail=\"http:\/\/www.kuerbisolli.de\/wp-content\/gallery\/gallerie\/thumbs\/thumbs_pict8862.jpg\"\n\t\t\t\tdata-image-id=\"263\"\n\t\t\t\tdata-title=\"pict8862\"\n\t\t\t\tdata-description=\"split \"\n\t\t\t\tdata-image-slug=\"pict8862\"\n\t\t\t\tclass=\"shutterset_e75f3c8ff67a3540d728e3cb09348c11\">\n\t\t\t\t<img\n\t\t\t\t\ttitle=\"pict8862\"\n\t\t\t\t\talt=\"pict8862\"\n\t\t\t\t\tsrc=\"http:\/\/www.kuerbisolli.de\/wp-content\/gallery\/gallerie\/thumbs\/thumbs_pict8862.jpg\"\n\t\t\t\t\twidth=\"100\"\n\t\t\t\t\theight=\"75\"\n\t\t\t\t\tstyle=\"max-width:100%;\"\n\t\t\t\t\/>\n\t\t\t<\/a>\n\t\t<\/div>\n\t\t\t\t\t\t\t<\/div> \n\t\t\t\n\t\t\t\t<div id=\"ngg-image-5\" class=\"ngg-gallery-thumbnail-box \n\t\t\t\t\t\t\t\t\t\t\t\" \n\t\t\t>\n\t\t\t\t\t\t<div class=\"ngg-gallery-thumbnail\">\n\t\t\t<a href=\"http:\/\/www.kuerbisolli.de\/wp-content\/gallery\/gallerie\/sagstetter_stand_08-06-11_0.jpg\"\n\t\t\t\ttitle=\"Das nenne ich mal ein K\u00fcrbisparadiesmit so viel Platz -) Thomas weiter so !!!!\"\n\t\t\t\tdata-src=\"http:\/\/www.kuerbisolli.de\/wp-content\/gallery\/gallerie\/sagstetter_stand_08-06-11_0.jpg\"\n\t\t\t\tdata-thumbnail=\"http:\/\/www.kuerbisolli.de\/wp-content\/gallery\/gallerie\/thumbs\/thumbs_sagstetter_stand_08-06-11_0.jpg\"\n\t\t\t\tdata-image-id=\"256\"\n\t\t\t\tdata-title=\"sagstetter_stand_08-06-11_0\"\n\t\t\t\tdata-description=\"Das nenne ich mal ein K\u00fcrbisparadiesmit so viel Platz -) Thomas weiter so !!!!\"\n\t\t\t\tdata-image-slug=\"sagstetter_stand_08-06-11_0\"\n\t\t\t\tclass=\"shutterset_e75f3c8ff67a3540d728e3cb09348c11\">\n\t\t\t\t<img\n\t\t\t\t\ttitle=\"sagstetter_stand_08-06-11_0\"\n\t\t\t\t\talt=\"sagstetter_stand_08-06-11_0\"\n\t\t\t\t\tsrc=\"http:\/\/www.kuerbisolli.de\/wp-content\/gallery\/gallerie\/thumbs\/thumbs_sagstetter_stand_08-06-11_0.jpg\"\n\t\t\t\t\twidth=\"100\"\n\t\t\t\t\theight=\"75\"\n\t\t\t\t\tstyle=\"max-width:100%;\"\n\t\t\t\t\/>\n\t\t\t<\/a>\n\t\t<\/div>\n\t\t\t\t\t\t\t<\/div> \n\t\t\t\n\t\t\t\t<div id=\"ngg-image-6\" class=\"ngg-gallery-thumbnail-box \n\t\t\t\t\t\t\t\t\t\t\t\" \n\t\t\t>\n\t\t\t\t\t\t<div class=\"ngg-gallery-thumbnail\">\n\t\t\t<a href=\"http:\/\/www.kuerbisolli.de\/wp-content\/gallery\/gallerie\/michael_dittmann_stand_07-06-11.jpg\"\n\t\t\t\ttitle=\"Brandenburgpower von einem Kollegen den ich auch angesteckt habe *GRINS*\"\n\t\t\t\tdata-src=\"http:\/\/www.kuerbisolli.de\/wp-content\/gallery\/gallerie\/michael_dittmann_stand_07-06-11.jpg\"\n\t\t\t\tdata-thumbnail=\"http:\/\/www.kuerbisolli.de\/wp-content\/gallery\/gallerie\/thumbs\/thumbs_michael_dittmann_stand_07-06-11.jpg\"\n\t\t\t\tdata-image-id=\"257\"\n\t\t\t\tdata-title=\"michael_dittmann_stand_07-06-11\"\n\t\t\t\tdata-description=\"Brandenburgpower von einem Kollegen den ich auch angesteckt habe *GRINS*\"\n\t\t\t\tdata-image-slug=\"michael_dittmann_stand_07-06-11\"\n\t\t\t\tclass=\"shutterset_e75f3c8ff67a3540d728e3cb09348c11\">\n\t\t\t\t<img\n\t\t\t\t\ttitle=\"michael_dittmann_stand_07-06-11\"\n\t\t\t\t\talt=\"michael_dittmann_stand_07-06-11\"\n\t\t\t\t\tsrc=\"http:\/\/www.kuerbisolli.de\/wp-content\/gallery\/gallerie\/thumbs\/thumbs_michael_dittmann_stand_07-06-11.jpg\"\n\t\t\t\t\twidth=\"100\"\n\t\t\t\t\theight=\"75\"\n\t\t\t\t\tstyle=\"max-width:100%;\"\n\t\t\t\t\/>\n\t\t\t<\/a>\n\t\t<\/div>\n\t\t\t\t\t\t\t<\/div> \n\t\t\t\n\t\t\t\t<div id=\"ngg-image-7\" class=\"ngg-gallery-thumbnail-box \n\t\t\t\t\t\t\t\t\t\t\t\" \n\t\t\t>\n\t\t\t\t\t\t<div class=\"ngg-gallery-thumbnail\">\n\t\t\t<a href=\"http:\/\/www.kuerbisolli.de\/wp-content\/gallery\/gallerie\/molter_1.jpg\"\n\t\t\t\ttitle=\"Jan Molter hat den sch\u00f6nsten Pumkin in der EGVGA World. Gl\u00fcckwunsch aus Brandenburg !!!!!!!!! \"\n\t\t\t\tdata-src=\"http:\/\/www.kuerbisolli.de\/wp-content\/gallery\/gallerie\/molter_1.jpg\"\n\t\t\t\tdata-thumbnail=\"http:\/\/www.kuerbisolli.de\/wp-content\/gallery\/gallerie\/thumbs\/thumbs_molter_1.jpg\"\n\t\t\t\tdata-image-id=\"182\"\n\t\t\t\tdata-title=\"molter_1\"\n\t\t\t\tdata-description=\"Jan Molter hat den sch\u00f6nsten Pumkin in der EGVGA World. Gl\u00fcckwunsch aus Brandenburg !!!!!!!!! \"\n\t\t\t\tdata-image-slug=\"molter_1\"\n\t\t\t\tclass=\"shutterset_e75f3c8ff67a3540d728e3cb09348c11\">\n\t\t\t\t<img\n\t\t\t\t\ttitle=\"molter_1\"\n\t\t\t\t\talt=\"molter_1\"\n\t\t\t\t\tsrc=\"http:\/\/www.kuerbisolli.de\/wp-content\/gallery\/gallerie\/thumbs\/thumbs_molter_1.jpg\"\n\t\t\t\t\twidth=\"100\"\n\t\t\t\t\theight=\"75\"\n\t\t\t\t\tstyle=\"max-width:100%;\"\n\t\t\t\t\/>\n\t\t\t<\/a>\n\t\t<\/div>\n\t\t\t\t\t\t\t<\/div> \n\t\t\t\n\t\t\t\t<div id=\"ngg-image-8\" class=\"ngg-gallery-thumbnail-box \n\t\t\t\t\t\t\t\t\t\t\t\" \n\t\t\t>\n\t\t\t\t\t\t<div class=\"ngg-gallery-thumbnail\">\n\t\t\t<a href=\"http:\/\/www.kuerbisolli.de\/wp-content\/gallery\/gallerie\/jonas-manuel-lang_2010.jpg\"\n\t\t\t\ttitle=\"Jonas und Manuel Lang aus der Schweiz mit ihrem ersten Riesenk\u00fcrbis 2010. \"\n\t\t\t\tdata-src=\"http:\/\/www.kuerbisolli.de\/wp-content\/gallery\/gallerie\/jonas-manuel-lang_2010.jpg\"\n\t\t\t\tdata-thumbnail=\"http:\/\/www.kuerbisolli.de\/wp-content\/gallery\/gallerie\/thumbs\/thumbs_jonas-manuel-lang_2010.jpg\"\n\t\t\t\tdata-image-id=\"178\"\n\t\t\t\tdata-title=\"jonas-manuel-lang_2010\"\n\t\t\t\tdata-description=\"Jonas und Manuel Lang aus der Schweiz mit ihrem ersten Riesenk\u00fcrbis 2010. \"\n\t\t\t\tdata-image-slug=\"jonas-manuel-lang_2010\"\n\t\t\t\tclass=\"shutterset_e75f3c8ff67a3540d728e3cb09348c11\">\n\t\t\t\t<img\n\t\t\t\t\ttitle=\"jonas-manuel-lang_2010\"\n\t\t\t\t\talt=\"jonas-manuel-lang_2010\"\n\t\t\t\t\tsrc=\"http:\/\/www.kuerbisolli.de\/wp-content\/gallery\/gallerie\/thumbs\/thumbs_jonas-manuel-lang_2010.jpg\"\n\t\t\t\t\twidth=\"100\"\n\t\t\t\t\theight=\"75\"\n\t\t\t\t\tstyle=\"max-width:100%;\"\n\t\t\t\t\/>\n\t\t\t<\/a>\n\t\t<\/div>\n\t\t\t\t\t\t\t<\/div> \n\t\t\t\n\t\t\t\t<div id=\"ngg-image-9\" class=\"ngg-gallery-thumbnail-box \n\t\t\t\t\t\t\t\t\t\t\t\" \n\t\t\t>\n\t\t\t\t\t\t<div class=\"ngg-gallery-thumbnail\">\n\t\t\t<a href=\"http:\/\/www.kuerbisolli.de\/wp-content\/gallery\/gallerie\/51.jpg\"\n\t\t\t\ttitle=\"1810 lbs hat der neue Weltrekord 2010 aus den USA von Chris Stevens ( 822kg ). Schaut euch mal den Stiel an .....\"\n\t\t\t\tdata-src=\"http:\/\/www.kuerbisolli.de\/wp-content\/gallery\/gallerie\/51.jpg\"\n\t\t\t\tdata-thumbnail=\"http:\/\/www.kuerbisolli.de\/wp-content\/gallery\/gallerie\/thumbs\/thumbs_51.jpg\"\n\t\t\t\tdata-image-id=\"175\"\n\t\t\t\tdata-title=\"51\"\n\t\t\t\tdata-description=\"1810 lbs hat der neue Weltrekord 2010 aus den USA von Chris Stevens ( 822kg ). Schaut euch mal den Stiel an .....\"\n\t\t\t\tdata-image-slug=\"51\"\n\t\t\t\tclass=\"shutterset_e75f3c8ff67a3540d728e3cb09348c11\">\n\t\t\t\t<img\n\t\t\t\t\ttitle=\"51\"\n\t\t\t\t\talt=\"51\"\n\t\t\t\t\tsrc=\"http:\/\/www.kuerbisolli.de\/wp-content\/gallery\/gallerie\/thumbs\/thumbs_51.jpg\"\n\t\t\t\t\twidth=\"100\"\n\t\t\t\t\theight=\"75\"\n\t\t\t\t\tstyle=\"max-width:100%;\"\n\t\t\t\t\/>\n\t\t\t<\/a>\n\t\t<\/div>\n\t\t\t\t\t\t\t<\/div> \n\t\t\t\n\t\t\t\t<div id=\"ngg-image-10\" class=\"ngg-gallery-thumbnail-box \n\t\t\t\t\t\t\t\t\t\t\t\" \n\t\t\t>\n\t\t\t\t\t\t<div class=\"ngg-gallery-thumbnail\">\n\t\t\t<a href=\"http:\/\/www.kuerbisolli.de\/wp-content\/gallery\/gallerie\/karbisollias-lg-208cm.jpg\"\n\t\t\t\ttitle=\"Mein erster Versuch eine Long Gourd zu z\u00fcchten. 208 cm ist ein gutes Ergebniss finde ich :-)\"\n\t\t\t\tdata-src=\"http:\/\/www.kuerbisolli.de\/wp-content\/gallery\/gallerie\/karbisollias-lg-208cm.jpg\"\n\t\t\t\tdata-thumbnail=\"http:\/\/www.kuerbisolli.de\/wp-content\/gallery\/gallerie\/thumbs\/thumbs_karbisollias-lg-208cm.jpg\"\n\t\t\t\tdata-image-id=\"169\"\n\t\t\t\tdata-title=\"karbisollias-lg-208cm\"\n\t\t\t\tdata-description=\"Mein erster Versuch eine Long Gourd zu z\u00fcchten. 208 cm ist ein gutes Ergebniss finde ich :-)\"\n\t\t\t\tdata-image-slug=\"karbisollias-lg-208cm\"\n\t\t\t\tclass=\"shutterset_e75f3c8ff67a3540d728e3cb09348c11\">\n\t\t\t\t<img\n\t\t\t\t\ttitle=\"karbisollias-lg-208cm\"\n\t\t\t\t\talt=\"karbisollias-lg-208cm\"\n\t\t\t\t\tsrc=\"http:\/\/www.kuerbisolli.de\/wp-content\/gallery\/gallerie\/thumbs\/thumbs_karbisollias-lg-208cm.jpg\"\n\t\t\t\t\twidth=\"100\"\n\t\t\t\t\theight=\"75\"\n\t\t\t\t\tstyle=\"max-width:100%;\"\n\t\t\t\t\/>\n\t\t\t<\/a>\n\t\t<\/div>\n\t\t\t\t\t\t\t<\/div> \n\t\t\t\n\t\t\t\t<div id=\"ngg-image-11\" class=\"ngg-gallery-thumbnail-box \n\t\t\t\t\t\t\t\t\t\t\t\" \n\t\t\t>\n\t\t\t\t\t\t<div class=\"ngg-gallery-thumbnail\">\n\t\t\t<a href=\"http:\/\/www.kuerbisolli.de\/wp-content\/gallery\/gallerie\/minikarbis.jpg\"\n\t\t\t\ttitle=\"Das ist der kleinste K\u00fcrbis den ich je gesehen habe\"\n\t\t\t\tdata-src=\"http:\/\/www.kuerbisolli.de\/wp-content\/gallery\/gallerie\/minikarbis.jpg\"\n\t\t\t\tdata-thumbnail=\"http:\/\/www.kuerbisolli.de\/wp-content\/gallery\/gallerie\/thumbs\/thumbs_minikarbis.jpg\"\n\t\t\t\tdata-image-id=\"168\"\n\t\t\t\tdata-title=\"minikarbis\"\n\t\t\t\tdata-description=\"Das ist der kleinste K\u00fcrbis den ich je gesehen habe\"\n\t\t\t\tdata-image-slug=\"minikarbis\"\n\t\t\t\tclass=\"shutterset_e75f3c8ff67a3540d728e3cb09348c11\">\n\t\t\t\t<img\n\t\t\t\t\ttitle=\"minikarbis\"\n\t\t\t\t\talt=\"minikarbis\"\n\t\t\t\t\tsrc=\"http:\/\/www.kuerbisolli.de\/wp-content\/gallery\/gallerie\/thumbs\/thumbs_minikarbis.jpg\"\n\t\t\t\t\twidth=\"100\"\n\t\t\t\t\theight=\"75\"\n\t\t\t\t\tstyle=\"max-width:100%;\"\n\t\t\t\t\/>\n\t\t\t<\/a>\n\t\t<\/div>\n\t\t\t\t\t\t\t<\/div> \n\t\t\t\n\t\t\t\t<div id=\"ngg-image-12\" class=\"ngg-gallery-thumbnail-box \n\t\t\t\t\t\t\t\t\t\t\t\" \n\t\t\t>\n\t\t\t\t\t\t<div class=\"ngg-gallery-thumbnail\">\n\t\t\t<a href=\"http:\/\/www.kuerbisolli.de\/wp-content\/gallery\/gallerie\/rick_sanders_2010.jpg\"\n\t\t\t\ttitle=\"Der schwerste K\u00fcrbis aus Niedersachsen wiegt 363 Kilo hat 2010 Rick Sanders. Gl\u00fcckwunsch!!!!!!\"\n\t\t\t\tdata-src=\"http:\/\/www.kuerbisolli.de\/wp-content\/gallery\/gallerie\/rick_sanders_2010.jpg\"\n\t\t\t\tdata-thumbnail=\"http:\/\/www.kuerbisolli.de\/wp-content\/gallery\/gallerie\/thumbs\/thumbs_rick_sanders_2010.jpg\"\n\t\t\t\tdata-image-id=\"36\"\n\t\t\t\tdata-title=\"rick_sanders_2010\"\n\t\t\t\tdata-description=\"Der schwerste K\u00fcrbis aus Niedersachsen wiegt 363 Kilo hat 2010 Rick Sanders. Gl\u00fcckwunsch!!!!!!\"\n\t\t\t\tdata-image-slug=\"rick_sanders_2010\"\n\t\t\t\tclass=\"shutterset_e75f3c8ff67a3540d728e3cb09348c11\">\n\t\t\t\t<img\n\t\t\t\t\ttitle=\"rick_sanders_2010\"\n\t\t\t\t\talt=\"rick_sanders_2010\"\n\t\t\t\t\tsrc=\"http:\/\/www.kuerbisolli.de\/wp-content\/gallery\/gallerie\/thumbs\/thumbs_rick_sanders_2010.jpg\"\n\t\t\t\t\twidth=\"100\"\n\t\t\t\t\theight=\"75\"\n\t\t\t\t\tstyle=\"max-width:100%;\"\n\t\t\t\t\/>\n\t\t\t<\/a>\n\t\t<\/div>\n\t\t\t\t\t\t\t<\/div> \n\t\t\t\n\t\t\t\t<div id=\"ngg-image-13\" class=\"ngg-gallery-thumbnail-box \n\t\t\t\t\t\t\t\t\t\t\t\" \n\t\t\t>\n\t\t\t\t\t\t<div class=\"ngg-gallery-thumbnail\">\n\t\t\t<a href=\"http:\/\/www.kuerbisolli.de\/wp-content\/gallery\/gallerie\/crayzy_growers.jpg\"\n\t\t\t\ttitle=\"Mitglieder der Crazy-Growers Gemeinde aus Brandenburg und Mecklenburg-Vorpommern. www.Crazy-Growers.de\r\n\"\n\t\t\t\tdata-src=\"http:\/\/www.kuerbisolli.de\/wp-content\/gallery\/gallerie\/crayzy_growers.jpg\"\n\t\t\t\tdata-thumbnail=\"http:\/\/www.kuerbisolli.de\/wp-content\/gallery\/gallerie\/thumbs\/thumbs_crayzy_growers.jpg\"\n\t\t\t\tdata-image-id=\"24\"\n\t\t\t\tdata-title=\"crayzy_growers\"\n\t\t\t\tdata-description=\"Mitglieder der Crazy-Growers Gemeinde aus Brandenburg und Mecklenburg-Vorpommern. www.Crazy-Growers.de\r\n\"\n\t\t\t\tdata-image-slug=\"crayzy_growers\"\n\t\t\t\tclass=\"shutterset_e75f3c8ff67a3540d728e3cb09348c11\">\n\t\t\t\t<img\n\t\t\t\t\ttitle=\"crayzy_growers\"\n\t\t\t\t\talt=\"crayzy_growers\"\n\t\t\t\t\tsrc=\"http:\/\/www.kuerbisolli.de\/wp-content\/gallery\/gallerie\/thumbs\/thumbs_crayzy_growers.jpg\"\n\t\t\t\t\twidth=\"92\"\n\t\t\t\t\theight=\"75\"\n\t\t\t\t\tstyle=\"max-width:100%;\"\n\t\t\t\t\/>\n\t\t\t<\/a>\n\t\t<\/div>\n\t\t\t\t\t\t\t<\/div> \n\t\t\t\n\t\t\t\t<div id=\"ngg-image-14\" class=\"ngg-gallery-thumbnail-box \n\t\t\t\t\t\t\t\t\t\t\t\" \n\t\t\t>\n\t\t\t\t\t\t<div class=\"ngg-gallery-thumbnail\">\n\t\t\t<a href=\"http:\/\/www.kuerbisolli.de\/wp-content\/gallery\/gallerie\/frequentiert.jpg\"\n\t\t\t\ttitle=\"Besucher stellen Fragen und ich versuchte alle zu beantworten. \"\n\t\t\t\tdata-src=\"http:\/\/www.kuerbisolli.de\/wp-content\/gallery\/gallerie\/frequentiert.jpg\"\n\t\t\t\tdata-thumbnail=\"http:\/\/www.kuerbisolli.de\/wp-content\/gallery\/gallerie\/thumbs\/thumbs_frequentiert.jpg\"\n\t\t\t\tdata-image-id=\"25\"\n\t\t\t\tdata-title=\"frequentiert\"\n\t\t\t\tdata-description=\"Besucher stellen Fragen und ich versuchte alle zu beantworten. \"\n\t\t\t\tdata-image-slug=\"frequentiert\"\n\t\t\t\tclass=\"shutterset_e75f3c8ff67a3540d728e3cb09348c11\">\n\t\t\t\t<img\n\t\t\t\t\ttitle=\"frequentiert\"\n\t\t\t\t\talt=\"frequentiert\"\n\t\t\t\t\tsrc=\"http:\/\/www.kuerbisolli.de\/wp-content\/gallery\/gallerie\/thumbs\/thumbs_frequentiert.jpg\"\n\t\t\t\t\twidth=\"92\"\n\t\t\t\t\theight=\"75\"\n\t\t\t\t\tstyle=\"max-width:100%;\"\n\t\t\t\t\/>\n\t\t\t<\/a>\n\t\t<\/div>\n\t\t\t\t\t\t\t<\/div> \n\t\t\t\n\t\t\t\t<div id=\"ngg-image-15\" class=\"ngg-gallery-thumbnail-box \n\t\t\t\t\t\t\t\t\t\t\t\" \n\t\t\t>\n\t\t\t\t\t\t<div class=\"ngg-gallery-thumbnail\">\n\t\t\t<a href=\"http:\/\/www.kuerbisolli.de\/wp-content\/gallery\/gallerie\/grillen.jpg\"\n\t\t\t\ttitle=\"Buchenholz brachte noch mal richtig Geschmack an die W\u00fcrstchen\"\n\t\t\t\tdata-src=\"http:\/\/www.kuerbisolli.de\/wp-content\/gallery\/gallerie\/grillen.jpg\"\n\t\t\t\tdata-thumbnail=\"http:\/\/www.kuerbisolli.de\/wp-content\/gallery\/gallerie\/thumbs\/thumbs_grillen.jpg\"\n\t\t\t\tdata-image-id=\"28\"\n\t\t\t\tdata-title=\"grillen\"\n\t\t\t\tdata-description=\"Buchenholz brachte noch mal richtig Geschmack an die W\u00fcrstchen\"\n\t\t\t\tdata-image-slug=\"grillen\"\n\t\t\t\tclass=\"shutterset_e75f3c8ff67a3540d728e3cb09348c11\">\n\t\t\t\t<img\n\t\t\t\t\ttitle=\"grillen\"\n\t\t\t\t\talt=\"grillen\"\n\t\t\t\t\tsrc=\"http:\/\/www.kuerbisolli.de\/wp-content\/gallery\/gallerie\/thumbs\/thumbs_grillen.jpg\"\n\t\t\t\t\twidth=\"92\"\n\t\t\t\t\theight=\"75\"\n\t\t\t\t\tstyle=\"max-width:100%;\"\n\t\t\t\t\/>\n\t\t\t<\/a>\n\t\t<\/div>\n\t\t\t\t\t\t\t<\/div> \n\t\t\t\n\t\t\t\t<div id=\"ngg-image-16\" class=\"ngg-gallery-thumbnail-box \n\t\t\t\t\t\t\t\t\t\t\t\" \n\t\t\t>\n\t\t\t\t\t\t<div class=\"ngg-gallery-thumbnail\">\n\t\t\t<a href=\"http:\/\/www.kuerbisolli.de\/wp-content\/gallery\/gallerie\/karbisschatzen.jpg\"\n\t\t\t\ttitle=\"Ein K\u00fcrbisgewicht zu sch\u00e4tzen ist ein hartes Gesch\u00e4ft ;-)\"\n\t\t\t\tdata-src=\"http:\/\/www.kuerbisolli.de\/wp-content\/gallery\/gallerie\/karbisschatzen.jpg\"\n\t\t\t\tdata-thumbnail=\"http:\/\/www.kuerbisolli.de\/wp-content\/gallery\/gallerie\/thumbs\/thumbs_karbisschatzen.jpg\"\n\t\t\t\tdata-image-id=\"26\"\n\t\t\t\tdata-title=\"k\u00fcrbissch\u00e4tzen\"\n\t\t\t\tdata-description=\"Ein K\u00fcrbisgewicht zu sch\u00e4tzen ist ein hartes Gesch\u00e4ft ;-)\"\n\t\t\t\tdata-image-slug=\"kurbisschatzen\"\n\t\t\t\tclass=\"shutterset_e75f3c8ff67a3540d728e3cb09348c11\">\n\t\t\t\t<img\n\t\t\t\t\ttitle=\"k\u00fcrbissch\u00e4tzen\"\n\t\t\t\t\talt=\"k\u00fcrbissch\u00e4tzen\"\n\t\t\t\t\tsrc=\"http:\/\/www.kuerbisolli.de\/wp-content\/gallery\/gallerie\/thumbs\/thumbs_karbisschatzen.jpg\"\n\t\t\t\t\twidth=\"92\"\n\t\t\t\t\theight=\"75\"\n\t\t\t\t\tstyle=\"max-width:100%;\"\n\t\t\t\t\/>\n\t\t\t<\/a>\n\t\t<\/div>\n\t\t\t\t\t\t\t<\/div> \n\t\t\t\n\t\t\t\t<div id=\"ngg-image-17\" class=\"ngg-gallery-thumbnail-box \n\t\t\t\t\t\t\t\t\t\t\t\" \n\t\t\t>\n\t\t\t\t\t\t<div class=\"ngg-gallery-thumbnail\">\n\t\t\t<a href=\"http:\/\/www.kuerbisolli.de\/wp-content\/gallery\/gallerie\/karbisschatzen_0.jpg\"\n\t\t\t\ttitle=\"Mein Squash mit 118,5kg \"\n\t\t\t\tdata-src=\"http:\/\/www.kuerbisolli.de\/wp-content\/gallery\/gallerie\/karbisschatzen_0.jpg\"\n\t\t\t\tdata-thumbnail=\"http:\/\/www.kuerbisolli.de\/wp-content\/gallery\/gallerie\/thumbs\/thumbs_karbisschatzen_0.jpg\"\n\t\t\t\tdata-image-id=\"31\"\n\t\t\t\tdata-title=\"k\u00fcrbissch\u00e4tzen_0\"\n\t\t\t\tdata-description=\"Mein Squash mit 118,5kg \"\n\t\t\t\tdata-image-slug=\"kurbisschatzen_0\"\n\t\t\t\tclass=\"shutterset_e75f3c8ff67a3540d728e3cb09348c11\">\n\t\t\t\t<img\n\t\t\t\t\ttitle=\"k\u00fcrbissch\u00e4tzen_0\"\n\t\t\t\t\talt=\"k\u00fcrbissch\u00e4tzen_0\"\n\t\t\t\t\tsrc=\"http:\/\/www.kuerbisolli.de\/wp-content\/gallery\/gallerie\/thumbs\/thumbs_karbisschatzen_0.jpg\"\n\t\t\t\t\twidth=\"100\"\n\t\t\t\t\theight=\"75\"\n\t\t\t\t\tstyle=\"max-width:100%;\"\n\t\t\t\t\/>\n\t\t\t<\/a>\n\t\t<\/div>\n\t\t\t\t\t\t\t<\/div> \n\t\t\t\n\t\t\t\t<div id=\"ngg-image-18\" class=\"ngg-gallery-thumbnail-box \n\t\t\t\t\t\t\t\t\t\t\t\" \n\t\t\t>\n\t\t\t\t\t\t<div class=\"ngg-gallery-thumbnail\">\n\t\t\t<a href=\"http:\/\/www.kuerbisolli.de\/wp-content\/gallery\/gallerie\/img_8363.jpg\"\n\t\t\t\ttitle=\"Hier noch mal alle teilnehmenden K\u00fcrbisse vom Wiegen\"\n\t\t\t\tdata-src=\"http:\/\/www.kuerbisolli.de\/wp-content\/gallery\/gallerie\/img_8363.jpg\"\n\t\t\t\tdata-thumbnail=\"http:\/\/www.kuerbisolli.de\/wp-content\/gallery\/gallerie\/thumbs\/thumbs_img_8363.jpg\"\n\t\t\t\tdata-image-id=\"30\"\n\t\t\t\tdata-title=\"Teilnehmer \"\n\t\t\t\tdata-description=\"Hier noch mal alle teilnehmenden K\u00fcrbisse vom Wiegen\"\n\t\t\t\tdata-image-slug=\"teilnehmer\"\n\t\t\t\tclass=\"shutterset_e75f3c8ff67a3540d728e3cb09348c11\">\n\t\t\t\t<img\n\t\t\t\t\ttitle=\"Teilnehmer \"\n\t\t\t\t\talt=\"Teilnehmer \"\n\t\t\t\t\tsrc=\"http:\/\/www.kuerbisolli.de\/wp-content\/gallery\/gallerie\/thumbs\/thumbs_img_8363.jpg\"\n\t\t\t\t\twidth=\"100\"\n\t\t\t\t\theight=\"75\"\n\t\t\t\t\tstyle=\"max-width:100%;\"\n\t\t\t\t\/>\n\t\t\t<\/a>\n\t\t<\/div>\n\t\t\t\t\t\t\t<\/div> \n\t\t\t\n\t\t\t\t<div id=\"ngg-image-19\" class=\"ngg-gallery-thumbnail-box \n\t\t\t\t\t\t\t\t\t\t\t\" \n\t\t\t>\n\t\t\t\t\t\t<div class=\"ngg-gallery-thumbnail\">\n\t\t\t<a href=\"http:\/\/www.kuerbisolli.de\/wp-content\/gallery\/gallerie\/andreas.jpg\"\n\t\t\t\ttitle=\"Andreas Henke bei der Siegerehrung. Er gewann das erste F\u00fcrstenwaldener K\u00fcrbiswiegen mit 133kg \"\n\t\t\t\tdata-src=\"http:\/\/www.kuerbisolli.de\/wp-content\/gallery\/gallerie\/andreas.jpg\"\n\t\t\t\tdata-thumbnail=\"http:\/\/www.kuerbisolli.de\/wp-content\/gallery\/gallerie\/thumbs\/thumbs_andreas.jpg\"\n\t\t\t\tdata-image-id=\"27\"\n\t\t\t\tdata-title=\"andreas henke\"\n\t\t\t\tdata-description=\"Andreas Henke bei der Siegerehrung. Er gewann das erste F\u00fcrstenwaldener K\u00fcrbiswiegen mit 133kg \"\n\t\t\t\tdata-image-slug=\"andreas-henke\"\n\t\t\t\tclass=\"shutterset_e75f3c8ff67a3540d728e3cb09348c11\">\n\t\t\t\t<img\n\t\t\t\t\ttitle=\"andreas henke\"\n\t\t\t\t\talt=\"andreas henke\"\n\t\t\t\t\tsrc=\"http:\/\/www.kuerbisolli.de\/wp-content\/gallery\/gallerie\/thumbs\/thumbs_andreas.jpg\"\n\t\t\t\t\twidth=\"92\"\n\t\t\t\t\theight=\"75\"\n\t\t\t\t\tstyle=\"max-width:100%;\"\n\t\t\t\t\/>\n\t\t\t<\/a>\n\t\t<\/div>\n\t\t\t\t\t\t\t<\/div> \n\t\t\t\n\t\n\t<br style=\"clear: both\" \/>\n\n\t\t<div class=\"slideshowlink\">\n\t\t<a href='http:\/\/www.kuerbisolli.de\/index.php\/nggallery\/slideshow?page_id=2243'>[Zeige als Diashow]<\/a>\n\t\t\n\t<\/div>\n\t\n\t\t<!-- Pagination -->\n\t\t<div class='ngg-navigation'><span class='current'>1<\/span>\n<a class='page-numbers' data-pageid='2' href='http:\/\/www.kuerbisolli.de\/index.php\/nggallery\/page\/2?page_id=2243'>2<\/a>\n<a class='page-numbers' data-pageid='3' href='http:\/\/www.kuerbisolli.de\/index.php\/nggallery\/page\/3?page_id=2243'>3<\/a>\n<a class='prev' href='http:\/\/www.kuerbisolli.de\/index.php\/nggallery\/page\/2?page_id=2243' data-pageid=2>&#9658;<\/a><\/div>\t<\/div>\n\n","protected":false},"excerpt":{"rendered":"","protected":false},"author":2,"featured_media":0,"parent":0,"menu_order":20,"comment_status":"open","ping_status":"closed","template":"","meta":{"ngg_post_thumbnail":0,"jetpack_post_was_ever_published":false,"footnotes":""},"jetpack_shortlink":"https:\/\/wp.me\/Pwi78-Ab","jetpack_sharing_enabled":true,"_links":{"self":[{"href":"http:\/\/www.kuerbisolli.de\/index.php?rest_route=\/wp\/v2\/pages\/2243"}],"collection":[{"href":"http:\/\/www.kuerbisolli.de\/index.php?rest_route=\/wp\/v2\/pages"}],"about":[{"href":"http:\/\/www.kuerbisolli.de\/index.php?rest_route=\/wp\/v2\/types\/page"}],"author":[{"embeddable":true,"href":"http:\/\/www.kuerbisolli.de\/index.php?rest_route=\/wp\/v2\/users\/2"}],"replies":[{"embeddable":true,"href":"http:\/\/www.kuerbisolli.de\/index.php?rest_route=%2Fwp%2Fv2%2Fcomments&post=2243"}],"version-history":[{"count":2,"href":"http:\/\/www.kuerbisolli.de\/index.php?rest_route=\/wp\/v2\/pages\/2243\/revisions"}],"predecessor-version":[{"id":2972,"href":"http:\/\/www.kuerbisolli.de\/index.php?rest_route=\/wp\/v2\/pages\/2243\/revisions\/2972"}],"wp:attachment":[{"href":"http:\/\/www.kuerbisolli.de\/index.php?rest_route=%2Fwp%2Fv2%2Fmedia&parent=2243"}],"curies":[{"name":"wp","href":"https:\/\/api.w.org\/{rel}","templated":true}]}}